 47*c - 2250 = 32*c. Calculate the greatest common factor of c and 330.
30
Let t be (-2)/(3 - (-115)/(-38)). Suppose -m + 41 + t = 0. What is the greatest common factor of 13 and m?
13
Suppose 22*n - 1311 = 75. Calculate the greatest common factor of 126 and n.
63
Let m be 11/154*7*(-768)/(-2). Let l = -28 - -52. Calculate the highest common divisor of l and m.
24
Suppose 23*d - 2477 = 1939. What is the highest common factor of 832 and d?
64
Let d = 16 + -7. Let k = d + 35. Calculate the greatest common divisor of 4 and k.
4
Let i(r) = -r + 21. Let v be i(16). Let x be -10*4/((-24)/33). Calculate the highest common factor of x and v.
5
Suppose 5*y + 5*n - 690 = 0, n - 4*n + 552 = 4*y. Suppose -2*j + y = j. Suppose 6*i + 40 = 178. What is the greatest common divisor of i and j?
23
Let q(g) be the second derivative of g**4/12 + g**3/3 + 25*g**2 + 11*g. Let r be q(0). Calculate the highest common factor of r and 20.
10
Let x(w) = 9*w**2 + 2*w - 1. Let i be x(1). Let k be i/((-15)/(-3)) + 6. Suppose 12 = 3*q, -2*p + q + 140 = -0. What is the greatest common divisor of k and p?
8
Let i = 256 + 131. What is the greatest common divisor of i and 344?
43
Suppose 0*c - 6*c = 30. Suppose -1664 + 320 = -3*l. Let x be (1 + c)*l/(-7). Calculate the greatest common factor of 32 and x.
32
Let a(p) = -p**3 - 24*p**2 + 46*p - 88. Let q be a(-26). What is the greatest common divisor of q and 4?
4
Suppose -i + 5*d - 326 = 0, 6*i + 1676 = i + 2*d. Let j = -240 - i. What is the highest common factor of 12 and j?
12
Let k be -6*(-84)/56*67/9. What is the highest common factor of k and 871?
67
Let a be (-15)/6*(2 + 4/(-5)). Let h be a/(87/(-28) - -3). Suppose -3*d - d + 560 = 0. What is the greatest common divisor of h and d?
28
Suppose 4*r - 63 = -155. Let x(n) = n**2 - 8*n - 6. Let s be x(7). Let u = s - r. Calculate the greatest common factor of 30 and u.
10
Suppose 2465*w = 2470*w - 11315. What is the highest common factor of w and 146?
73
Suppose -a + 1409 = 4*h, -4*h + 1413 = -2*a + 7*a. What is the highest common factor of h and 11?
11
Let t be ((-480)/75)/((-10)/25). Calculate the greatest common divisor of 128 and t.
16
Let b = -14 - -32. Suppose -56*a + 3130 - 250 = 24*a. What is the greatest common factor of a and b?
18
Let f be (-350)/(-4)*(-8)/10. Let s be (108/30)/((-4)/f). Calculate the greatest common divisor of 9 and s.
9
Suppose -3*u = -5*z - 0*z - 12, -5*u + 20 = 4*z. Let c = 44 + -22. Calculate the greatest common factor of c and u.
2
Let j(h) = 3*h - 6. Let w(c) = c. Suppose 0 - 4 = -g. Let s(y) = g*w(y) - j(y). Let m be s(0). Calculate the greatest common divisor of 3 and m.
3
Let s = -9 - -11. Let d be s/(-7) + 160/(-28). Let y be d*3/6 - -11. Calculate the highest common factor of y and 8.
8
Suppose -5*k + 4*c + 216 = 0, c - 180 = -4*k - 3*c. Let w = k + -22. Let q be (-350)/(-8) - (9 + (-259)/28). What is the greatest common divisor of q and w?
22
Suppose 1592 = 6*b + 1562. Suppose 2*v - 7*v = -5*h + 10, -5*h + 10 = -3*v. What is the greatest common divisor of b and h?
1
Let s = 236 - -700. What is the greatest common factor of s and 18?
18
Let o(a) = -14*a - 2. Let b be o(-1). Let v be 243/b - 5/20. Suppose v = -2*p + 4*p. Calculate the highest common divisor of p and 80.
10
Let o be (-9688)/(-49) + 6/21. Suppose -7*j + o = 4*j. What is the greatest common factor of 6 and j?
6
Let q = 2104 - 1694. What is the greatest common divisor of 123 and q?
41
Suppose -5*o = -2*o - 3. Let b be o*7/((-21)/(-96)). Calculate the greatest common divisor of 16 and b.
16
Suppose -5*k + 642 = -2*k. Suppose -4*p + 5*x = -0*x - 199, -4*p + 2*x + k = 0. Suppose p = -z + 189. What is the highest common factor of 19 and z?
19
Suppose 7*x - 3*x = -16. Let r(a) = -3*a**3 - 4*a**2 + 6*a + 6. Let c be r(x). Let p = 14 - 4. What is the highest common factor of p and c?
10
Suppose 2*w = 3*j + w - 1, 5*j - 5 = 5*w. Suppose j = -4*b + 7*b + 396. Let k = -22 - b. What is the highest common factor of k and 10?
10
Let s = 664 - 565. What is the greatest common factor of s and 2277?
99
Let j(r) = -4*r**3 - 6*r**2 + 6*r + 14. Let a be j(5). Let t = a + 914. Calculate the greatest common divisor of 28 and t.
28
Let v(t) = t**3 + 11*t**2 + 17*t - 9. Let h be v(-9). Let y be (2/5 + h)/(3/90). What is the greatest common divisor of y and 42?
6
Suppose l - 8 = -10. Let p be 43 - 4 - (1 + l). Let z = 36 + -28. What is the highest common factor of p and z?
8
Let r be 62 + 0*5/(-10). Let x = -30 + r. Calculate the greatest common divisor of x and 4.
4
Let z(i) = i**3 - 16*i**2 - 10*i + 6. Let r be z(17). Suppose 0 = 4*w - 0*w + a - 195, -w - 3*a + 35 = 0. Calculate the highest common factor of r and w.
25
Let m(a) = -a**2 - 11*a + 21. Let h = 10 + -22. Let c be m(h). Calculate the greatest common factor of c and 1.
1
Suppose 0 = -3*l + 3 + 3. Let g(v) = -l*v**2 + 5*v**2 - 2 - v**3 + 7*v - 3*v. Let m be g(3). What is the highest common factor of 10 and m?
10
Suppose 23*i + 5*l = 19*i + 728, 0 = 3*i - 3*l - 519. Calculate the greatest common divisor of 9 and i.
3
Suppose -26*c = -31*c - 5*f + 130, 4*f = 5*c - 139. Calculate the highest common factor of c and 621.
27
Let l(f) = 10*f - 18. Suppose v - 1 - 5 = 0. Let m be l(v). Suppose 2*i + 6 = 48. Calculate the greatest common factor of m and i.
21
Let j be (16/14)/((-2)/(-7)). Suppose 2*g + 13 = -j*r - 3*g, -2*r + 21 = -3*g. Calculate the highest common factor of r and 33.
3
Suppose y - 2 = -y. Suppose -19*x - 47 = -66*x. Calculate the greatest common factor of y and x.
1
Let t be 15 + (5/(-4 - 1) - 0). Calculate the highest common factor of t and 112.
14
Let w be (-2100)/(-55) + 2/(-11). Suppose 0 = -0*r + r + 1, -3*g = r - w. What is the greatest common divisor of 117 and g?
13
Let s(q) = -9*q + 3. Let d(z) = -3*z + 1. Let l(b) = -11*d(b) + 4*s(b). Let h be l(-1). What is the highest common divisor of 2 and h?
2
Let n be 8/(-28) - (-11802)/147. What is the greatest common divisor of 272 and n?
16
Let h = -4 - 4. Let r(z) = -z**2 - 10*z - 5. Let w be r(h). Suppose -6*x - 200 = -w*x. What is the greatest common factor of 5 and x?
5
Let k = -15 + 36. Suppose -64*g - 69*g + 399 = 0. What is the greatest common factor of g and k?
3
Let y = -4 + 7. Let n(x) = -2*x - 5. Let c be n(-3). Let s be (2 + c)/((-7)/(-35)). Calculate the highest common factor of s and y.
3
Let a(p) = -p**3 - 10*p**2 - 13*p + 4. Let l be a(-8). Let x(k) = k + 40. Let s be x(l). Calculate the highest common divisor of 100 and s.
20
Suppose -m - 44 = -2*m. Let y be (132/14)/((-5)/(-35)). Let g be ((-8)/(-12))/(4/y). Calculate the greatest common factor of g and m.
11
Let a(q) = -8*q + 106. Let y be a(6). Calculate the greatest common factor of 145 and y.
29
Suppose 14*s = 18*s - 84. What is the greatest common divisor of 14 and s?
7
Suppose -225 = -14*v - 113. What is the highest common divisor of v and 5?
1
Let i(x) = x + 27. Let f be i(36). Calculate the highest common factor of f and 9.
9
Suppose -3*n - 4*b + 237 = -63, 5*n - 517 = -b. What is the greatest common factor of n and 1092?
52
Let w be (-1161)/(-63) + 27/(-63). What is the greatest common divisor of w and 126?
18
Let q = 1528 + -1080. Calculate the greatest common divisor of q and 14.
14
Suppose -5*b - 150 = -40. Let r be b/(-6) - 3/(-9). Suppose d + 2*a - 3 = -3*a, -r*d + a = -54. What is the greatest common divisor of 52 and d?
13
Let j = 38 - 26. Let w = 130 + -82. What is the greatest common factor of j and w?
12
Let n be 238/63 - 6/(-27). Calculate the greatest common factor of 2 and n.
2
Suppose 21*d - 221 = 4*d. Let g be 1/4 + 1/(-4). Suppose g*y - 260 = -5*y. Calculate the greatest common factor of d and y.
13
Suppose -5*c - 4*v + 8 = 0, 61 = 5*c - 5*v + 26. What is the greatest common divisor of 156 and c?
4
Suppose -2*x + 784 = g, 4*x = -2*g + 13*g - 8728. Calculate the highest common divisor of 176 and g.
88
Suppose 0 = -5*y - 2*g + 4744, 2*y - 898 - 988 = 5*g. Calculate the greatest common factor of y and 12.
12
Let n = 15 + -7. Let y = 18 + -26. Let s = y + 16. What is the highest common divisor of s and n?
8
Let z(s) = -s**3 + 22*s**2 - 49*s + 40. Let i be z(19). What is the highest common factor of 60 and i?
12
Suppose -10 = -2*k, -15 = -3*f + 2*k + 11. Let x be 595/(-55) - (-4)/(-22).